8*u**2 - 8*u + 6. Let c be m(-7). Is 3204/39 + (-2)/c prime?
False
Is ((-3)/(-1))/3 - -54 a composite number?
True
Suppose 0 = -0*d - d - 3. Is (0 - (-58)/1) + d prime?
False
Let k(q) = 12*q**2 + 9*q + 7. Let f be k(-6). Suppose f = 5*l + 2*y - y, -3*l + 231 = y. Is l a composite number?
True
Let h be 3/6*4*4. Suppose -h = -3*p + 7. Suppose -132 = -4*o - 3*w + w, -2*o - p*w + 50 = 0. Is o composite?
True
Suppose -4*b + 2*k + 85 + 65 = 0, b - 3*k - 40 = 0. Suppose -3*z - 1 + 10 = 0. Suppose 0 = -x + 3*h + b - 12, -z*x + h + 35 = 0. Is x a prime number?
False
Let p = -55 - -98. Is p prime?
True
Suppose -3*u + 6*u - 69 = 0. Let w = 34 - u. Is w a prime number?
True
Let s(t) = 386*t**2 + 3*t + 5. Is s(-2) a prime number?
True
Let x(h) = 3 + 7*h**2 + 2*h - 5*h**2 + 2*h**2. Is x(-4) composite?
False
Let a = 192 - 73. Is a prime?
False
Suppose 7*t - 8*t - 391 = 0. Let h = -168 - t. Is h a prime number?
True
Let a be (-3 - -1)/((-36)/54). Is (38/a)/(30/315) a composite number?
True
Suppose q = -5*w + 125, 2*w - 5 = -1. Suppose -5*f + 750 - q = 0. Is f prime?
True
Suppose 7*f = -4*x + 3*f + 16, 5*f = -4*x + 20. Suppose 102 = -x*n + 2*n. Is n prime?
False
Let m(u) = 3*u - 1 + 24*u**2 + 3*u - 3*u - 2*u. Let p = 1 - -1. Is m(p) a composite number?
False
Let h(a) = 4*a**3 - 4*a**2 - 5*a + 2. Let d be h(4). Suppose -4*s - 2*m - m + 142 = 0, 5*s + 2*m = d. Suppose 3*t = 23 + s. Is t composite?
False
Is (-3)/9 - (-5444)/6 prime?
True
Suppose -90 = -3*j + 2*j. Suppose -22 = 2*a - 4*g - 6, 3*g - 25 = -5*a. Suppose 5*f - a*i = 353 - j, 0 = -i - 4. Is f prime?
False
Let r be (4/8*4)/(-2). Let w(a) = 98*a**2 - a - 2. Let n(m) = m + 1. Let p(g) = 3*n(g) + w(g). Is p(r) prime?
True
Suppose 2*a + 43 = -5. Let z = -104 - -67. Let i = a - z. Is i composite?
False
Let f be 1 - (-5 + (0 - -2)). Is 142/4 + f/(-8) a prime number?
False
Let g(j) = 1542*j**3 + 1. Is g(1) a prime number?
True
Let l(a) be the first derivative of -a**3/3 + 4*a**2 - 2*a - 2. Let t be l(7). Suppose -y - y = 3*z - 48, -z + 29 = t*y. Is z composite?
True
Let t(h) = 489*h**2 - 6*h - 6. Is t(-1) prime?
False
Suppose -4*m - 10 = 2. Let s be ((-16)/(-12))/((-2)/m). Is (69 - 2) + 0 + s a composite number?
True
Let n(c) = 0 + 7 - c + 9 - 7. Let k be n(-8). Let o = 34 + k. Is o a composite number?
True
Let f(b) be the third derivative of b**5/5 + b**4/6 - b**3/2 + b**2. Is f(2) composite?
False
Let z = -6 - -6. Suppose z = 4*g - 8*g + 56. Is g a prime number?
False
Suppose -5 - 3 = -o. Suppose 3*v = 2*v - 2*d - 7, d = v - o. Suppose v*q + 5*s - 318 = 0, 3*q - s - 120 = 198. Is q a prime number?
False
Suppose -3*c = -4*k + 40, -2*k = -c - 6 - 14. Is k a prime number?
False
Suppose 0 = -3*q + 4*q + 1. Let v(n) = -19*n**3 - n**2 - n - 1. Let w be v(q). Suppose -2*y + 24 = s + 3*y, 0 = s + 3*y - w. Is s a prime number?
False
Let s(l) = -2*l**3 - 3*l**2 + 3*l - 3. Suppose 3 = -x - 1. Is s(x) a prime number?
False
Let z(c) be the first derivative of 2 + 1/4*c**4 + 2*c**2 + 7*c + 7/3*c**3. Is z(-6) prime?
True
Let l(d) be the second derivative of -d**5/20 - d**4/6 - d**3/2 + 3*d**2/2 - 2*d. Let w be (4 - -1)*(-8)/10. Is l(w) a composite number?
False
Suppose 0 = 2*p - 4*s - 40, -4*p = p + 5*s - 70. Suppose -4*k + p = -0*k. Suppose -4*h + k + 84 = 0. Is h a prime number?
False
Suppose 8 = -2*i - 0. Is (-111)/i*(-2 - -6) prime?
False
Is (21/12 + -2)*-2524 composite?
False
Suppose 0*a + 22 = a. Let q = a + 103. Suppose 0 = -3*k - 0*k - v + 365, q = k + 2*v. Is k prime?
False
Let w = 37 - 18. Suppose p - 52 = -2*j - 2*j, 4*p = -j + 163. Let i = p + w. Is i composite?
False
Suppose -z = 0, -435 = -3*t - 0*t - 2*z. Is t prime?
False
Suppose -2*o = -4, 3*p + 2 = 6*p + o. Suppose 5*t - 3*m - 105 = p, 2*t + t - m = 63. Is t prime?
False
Suppose -2*l + 5*l + 269 = 2*z, -4*l + 107 = z. Is z a composite number?
False
Let f = -215 + 308. Is f a prime number?
False
Suppose 2*r = -14 - 10. Is (-3688)/r + 2/(-6) a composite number?
False
Suppose -1775 - 9847 = -6*d. Is d a prime number?
False
Suppose 2020 = 7*y - 3*y. Is y composite?
True
Let f(c) = 5*c**2 + 12*c + 12. Let v(a) = 4*a**2 + 13*a + 11. Let s(k) = 3*f(k) - 4*v(k). Is s(-13) prime?
True
Let u(i) be the first derivative of 7*i**3/3 + 5*i**2/2 - 3*i + 1. Let r be u(6). Suppose -3*b + r = 3*f, 3*f + b - 275 = 8. Is f prime?
False
Let w(r) = -6*r**2 + 15*r**2 + 7*r**2 - r**3 - 5*r + 19*r + 2. Is w(15) a prime number?
False
Is ((-22)/(-8) - 3)*-1816 composite?
True
Is 408 - (-4 - -4) - -1 prime?
True
Suppose 7 = w + 2. Suppose -w*p - 70 = -4*m, -5*p - 122 = -5*m - 37. Suppose 3*x + m - 54 = 0. Is x prime?
True
Let o(q) = -4*q - 2*q - 5 + q. Let n(b) = -5*b + 44. Let f be n(10). Is o(f) a composite number?
True
Suppose -5*h = -3*p, -4*h + 2*h = -2*p. Suppose -3*k = 4*b - 0*b - 1727, h = -2*b - k + 863. Is b a composite number?
False
Let d = -2 - -129. Is d composite?
False
Let h be (-3579)/9*-3 + -1. Suppose -2341 = -5*z - 4*d, 5*z - h = 3*d + 1156. Is z a prime number?
False
Let k(s) = 4 + 6*s - 5 - s**3 + 13*s**2 + 0. Is k(11) a prime number?
True
Let d(l) = 576*l + 29. Is d(8) composite?
False
Is -14*4/((-40)/1115) a prime number?
False
Suppose -l - 3*l + 2*h = -564, 2*l - 282 = 3*h. Let q = l - 95. Is q prime?
False
Let s = -3 - -3. Suppose -4*o + 1388 = -s*o. Is o composite?
False
Let v = -24 - -283. Is v a prime number?
False
Let h be (-4)/22 - 54/66. Let n(k) = -26*k**3 - k + k - 1 + 3*k**3. Is n(h) a composite number?
True
Suppose 5*s + c - 24 = -0*c, -2*c = -5*s + 27. Is s/(15/36) - -3 prime?
False
Suppose 0 = -2*f + f + 65. Suppose 0 = 4*j + j - f. Is j a prime number?
True
Let w = 45 + -35. Is w a composite number?
True
Let y = 2856 - 1646. Is 1*2*y/20 composite?
True
Let d = 244 + -171. Let b = d + 48. Is b prime?
False
Suppose -5*s = -4*s + 4*h - 21, 9 = s + h. Suppose 7*z - 198 = -2*v + 2*z, s*v = 3*z + 433. Is v composite?
False
Let x(p) = -p + 18. Let y(m) = m**3 - 4*m**2 - m + 4. Let k be y(4). Let w be x(k). Suppose 5*v = v - 5*d + w, 3*d = -4*v + 22. Is v prime?
True
Suppose 5*r = 27 + 8. Suppose -3*p - 508 = -r*p. Is p a prime number?
True
Let c be (-4)/2 - (-4 - -156). Let o = c - -233. Is o a composite number?
False
Let z(y) = -y**3 - 3*y**2 + 2*y + 1. Suppose -5 + 1 = u. Is z(u) a composite number?
True
Is 0 + 0 - (3 + (-4372)/1) composite?
True
Let v = -1 + 3. Suppose -6 = -y - v*y. Suppose 57 = -y*s + 5*s. Is s prime?
True
Let j(d) = 4*d**2 - 3*d - 2*d**2 + 1 - 6 + 0*d**2. Let a = 1 + -5. Is j(a) prime?
False
Let x(n) = -18*n - 1. Is x(-5) prime?
True
Suppose -2*f + 4*x = -6*f + 352, 3*x = 15. Is f prime?
True
Suppose -w = 4*p + 1 + 3, -64 = 5*w - 2*p. Let f be 201/9 + 2/(-6). Let o = f + w. Is o a composite number?
True
Is ((-2053)/(-2))/(0 - 7/(-14)) prime?
True
Let h(b) = 2*b**2 + 14*b - 1. Is h(-10) composite?
False
Let n = 3102 - 1565. Is n prime?
False
Suppose -3*i - 3*v + v + 7555 = 0, -4*v - 2523 = -i. Is i composite?
True
Suppose -5*u = -0*u - 4*n - 895, -500 = -3*u - 5*n. Let w(b) = -96*b**3 + b - 1. Let c be w(1). Let h = u + c. Is h composite?
False
Let o(x) be the third derivative of -x**5/60 + x**4/6 + x**3/2 - 2*x**2. Let v be o(4). Is -339*(v - (-10)/(-3)) composite?
False
Suppose -4*r - r - 2*u = 10, -r = 2*u - 6. Is (-1382)/(-26) + r/26 prime?
True
Let r(w) = -4*w**3 - 14*w**2 + 6*w + 7. Is r(-6) composite?
False
Let k = -108 + 425. Is k a composite number?
False
Let g be (1 + -130)*(-4)/(-12). Let r = 60 - g. Is r prime?
True
Suppose -15*t + 12*t = -171. Is t a prime number?
False
Let z(h) = h + 38. Let j be (-3)/9 + 2/6. Let f be z(j). Suppose -3*r + f = -5*v, 3*r - 7*r - 2*v = -16. Is r a prime number?
False
Suppose 4*h = -2*x + 2862, -h - 6069 = -5*x + 1130. Is x prime?
True
Let u be (-12)/(1/((-14)/(-4))). Let c be 12/u + (-75)/7. Let x = c + 34. Is x prime?
True
Suppose -24 = -o - 3*o. Is ((-154)/3)/((-4)/o) a composite number?
True
Suppose -4*a - 4*w - 240 = 0, 0*a + 2*a - 2*w + 104 = 0. Let i = 201 + a. Is i a composite number?
True
Let b(m) = 72*m + 4. Let z be b(5). Suppose 0 = 6*d - 2*d - z. Is d prime?
False
Let w be -3 - -6 - (-219 - 1). Let n = -90 + w. Is n a prime number?
False
Suppose -2*q = -13 - 397. Let t = -139 + q. Suppose -s + 53 = -t. Is s a composite number?
True
Let i be (2*-1 - -179) + -1. Suppose 